1 - (-3 + -87))*(-34)/(-2).
7, 13, 17
Suppose 2*s - 992 = 4*g, -s + 3*g + 2473 = 4*s. What are the prime factors of s?
2, 13, 19
Suppose f - 14 = 16. Suppose -28*q = -f*q + 158. What are the prime factors of q?
79
Let n(d) = -d**2 - 54*d + 171. What are the prime factors of n(-34)?
23, 37
Let u(h) = -4*h - 29. Let a be u(-6). Let c(f) = -3*f**3 + f**2 + 13*f + 5. List the prime factors of c(a).
2, 5, 17
Suppose -6 = 5*p - 2*p. What are the prime factors of (-306)/(-3) - (p/(-1) + 1)?
3, 11
Let h be -14*2*12/(-28). Let q be ((-2)/3)/(h/(-54)). Suppose -2*f - 2*f + 4*w + 80 = 0, -92 = -q*f - 5*w. What are the prime factors of f?
2, 3
Let j be 1 - -1*(-18)/(-2). Let f = 42 + j. Let r = -3 + f. List the prime factors of r.
7
Let d be -3 + 5 + 5 + -1. Let g(h) = h**3 + 9*h**2 + 8*h - 9. Let k be g(-8). List the prime factors of -2*(k/d - 4).
11
Let o be 4/(4/14 + 201/(-777)). Suppose s + s - o = 0. List the prime factors of s.
2, 37
Let i = 58 + -61. List the prime factors of 3 - (-1 + i + -299).
2, 3, 17
Let j(x) be the first derivative of x**7/840 + x**6/360 + 11*x**4/8 - 8*x**3/3 + 2. Let c(p) be the third derivative of j(p). List the prime factors of c(0).
3, 11
Let b = 235 + 112. List the prime factors of b.
347
Let i(a) = -4*a - 26. Let o be i(-6). What are the prime factors of 76 - (2 + o + 2)?
2, 37
Suppose 4*d + 3*x + 65 = 0, 8 = -d + x - 17. Let y = d - -32. What are the prime factors of y?
2, 3
What are the prime factors of -2 - 7/((-14)/870)?
433
Let s = 312 - 183. Let l = s + -79. Let r = -23 + l. What are the prime factors of r?
3
Let p = -22 - -27. List the prime factors of p/20 - (-693)/12.
2, 29
Suppose 14*h - 19 = -5. List the prime factors of (2 + -1)*(142 - h).
3, 47
Let a(j) = 2*j**3 - 4*j**2 + 3*j - 1. Let f be a(2). Suppose f*y + 0*y - 255 = 0. List the prime factors of y.
3, 17
Suppose 0*s + 3*s = -639. Let g = -128 - s. List the prime factors of g.
5, 17
Suppose -3*m - 42 + 30 = 0. List the prime factors of (-6)/m*492/9.
2, 41
Let m(b) = b**3 - 13*b**2 + 13*b - 14. Let h be m(12). Let x be (-5)/h + (-6)/12. Let i = x + 7. What are the prime factors of i?
3
Let w = 338 + 56. What are the prime factors of w?
2, 197
What are the prime factors of 3 + 303 + 2 + 2 + -8?
2, 151
Suppose -4*b + 9*b = 0. Let m be (-2 - -1) + -1 + 4. Suppose 0 = -b*w - m*w + 26. List the prime factors of w.
13
What are the prime factors of (2567/(-3))/(11/(-33))?
17, 151
Suppose -1702 + 358 = -6*o. List the prime factors of o.
2, 7
Let t = 976 - 599. Suppose -5*u = 3*r - t, 0*u - u + 2*r = -78. What are the prime factors of u?
2, 19
Let u(d) = 444*d - 639. List the prime factors of u(4).
3, 379
Suppose 44 = 5*t + 5*i - 2*i, 24 = 3*t + i. What are the prime factors of (-16)/(-56) + 19/t?
3
Suppose 5*f - 30 = 3*p - 8*p, -4*p + 3*f + 10 = 0. Suppose 5*x - 23 = -2*d, p*x - 27 - 4 = -3*d. What are the prime factors of d?
3
Let s = 99 + -94. Suppose -s*p = 2*p - 1288. List the prime factors of p.
2, 23
Let m = 1033 - -269. What are the prime factors of m?
2, 3, 7, 31
Suppose 0 = 2*d - 32 + 92. Let q = -26 - d. What are the prime factors of 34 + 2/q*-2?
3, 11
Let n = -13 - -18. Let c(l) = l**3 + 2*l**2 - 7*l + 1. What are the prime factors of c(n)?
3, 47
Let v(p) = 2*p + 12. Let t be v(-6). Suppose -5*i - 35 = -t*i. Let b(u) = u**3 + 8*u**2 + 7*u + 13. List the prime factors of b(i).
13
Let w(h) be the third derivative of h**5/15 + 7*h**4/24 + h**3/3 + 14*h**2. List the prime factors of w(-6).
2, 13
Let l be -2 + 0 - (7 - 9). Suppose 3*m + l*s - s - 191 = 0, 5*s = 3*m - 175. List the prime factors of m.
5, 13
Let q be ((-6)/(-9))/((-6)/(-63)). Suppose q*b + 2*g - 644 = 2*b, 2*b + 5*g = 245. Suppose 3*o + 2*o = -2*z + 127, b = 5*o + 5*z. List the prime factors of o.
5
Let m(y) = y**2 + 11*y + 11. Let p be m(-9). Let z = p + -10. Let r = 25 + z. List the prime factors of r.
2
Suppose -4*i + q + 8 = 0, -i - 5*q = 2*i + 17. Let y be (4 + i)*(-276)/(-15). Suppose 9*j - 5*j = y. List the prime factors of j.
23
Let z(t) = -8 + 3 - 6*t + 38*t. Suppose o - 6*o = -10. What are the prime factors of z(o)?
59
Let d(r) = r**2 - 13*r + 17. List the prime factors of d(27).
5, 79
Suppose 3*x + 0 = l - 5, -3*l + 3*x = -9. Let d = -175 + 229. Suppose -w + 4*j - 19 = -l*w, 5*j = -4*w + d. What are the prime factors of w?
11
Suppose -8*i = -6*i. Suppose -4*u - 2*w + 216 = 0, 0 = 3*w - i*w. What are the prime factors of u?
2, 3
Suppose n + 0 = -2*x + 7, 0 = 2*n + 2. Let g(l) = x + l + 5 - 9 + 4. List the prime factors of g(7).
11
Let m(a) = -a**3 - 11*a**2 - 17*a + 8. Let b be m(-9). Let c(z) = -6*z**3 + 2*z**2 + z. What are the prime factors of c(b)?
7
Let o = 7 + 11. Suppose -13*g - 450 = -o*g. Suppose z + z - g = 0. What are the prime factors of z?
3, 5
Let x(n) = 27*n + 32*n - 27*n + 23*n. Let j be x(1). Suppose 3*t - j = -2*t. What are the prime factors of t?
11
Let r be 1 + -12 + (-4)/(-4). Let m = 12 + r. Suppose c + 0*h = -5*h + 23, m*c + 2*h = 22. What are the prime factors of c?
2
Suppose 225 = -13*g - 2*g. List the prime factors of (4/g*-3)/(4/950).
2, 5, 19
Suppose 0 = 15*r - 5747 - 7723. List the prime factors of r.
2, 449
Suppose 0 = 10*b + 5 - 35. Let h(y) = y**3 + 3*y**2 + 5*y - 4. Let d be h(3). Suppose 3*i - d = -r - b*r, -4*r - 50 = -2*i. What are the prime factors of i?
23
Let y(u) = 2*u**3 - 10*u**2 - 19*u + 25. List the prime factors of y(13).
2, 17, 73
Let i(s) = 5*s - 17. Let k(l) = -l**2 - 6*l + 20. Suppose 0 = 5*b + 31 + 4. Let a be k(b). What are the prime factors of i(a)?
2, 3
Let g = 177 - -161. What are the prime factors of g?
2, 13
Let j(w) = -w**3 - 9*w**2 + w + 13. Suppose -m = m + 18. Let l be j(m). Suppose 2*q - 3*q - g + 33 = 0, l*g - 27 = -q. List the prime factors of q.
5, 7
Suppose -137 = 5*v + 193. Let k = 202 + -225. Let b = k - v. List the prime factors of b.
43
Suppose -7 - 8 = -3*d. Let r be ((-1)/1)/(-1)*d. Let k(v) = v**3 - 2*v**2 - 2*v + 5. List the prime factors of k(r).
2, 5, 7
Let d(u) be the third derivative of -u**5/60 - 11*u**4/24 - u**3 - 7*u**2. Let g(f) = 2*f + 10. Let k be g(-8). List the prime factors of d(k).
2, 3
Let f(j) = -2*j + 51. Let p be -2 + 1 + (-1 - -2). List the prime factors of f(p).
3, 17
Suppose 0*h - 3*h = -6. Suppose -h*r = -0*r. Suppose -4*f + 16 = -r*f - 3*z, 5*z - 20 = 0. What are the prime factors of f?
7
Let r = 102 + 209. Suppose 2*o - 5*p - r = 0, 0*o - 646 = -4*o + 2*p. List the prime factors of o.
163
List the prime factors of (35 - -1)/((-5)/(-90)*3).
2, 3
Let v be (-6 - 4)*(-4)/10 + -2. What are the prime factors of (-52)/(v + -4)*1/2?
13
Let d(y) = y**3 - 9*y**2 + 9*y - 12. Let x be (9/4)/(5/20). Let g be d(x). Suppose -5*h + 194 = g. What are the prime factors of h?
5
Suppose -w = -111 - 27. Let j = -94 + w. Let z = -26 + j. What are the prime factors of z?
2, 3
Let d be (2/(-4))/((-9)/(-1314)). Let k = 36 - d. List the prime factors of k.
109
Let i(f) = f**2 - f - 6. Let h be i(6). Let c = -22 + h. List the prime factors of c.
2
Let x(i) = 652*i**2 - 3*i - 2. List the prime factors of x(-1).
653
Let w be 80/45 + (-2)/(-9). Suppose -2*y + w*s + 286 = 0, 3*y - 3*s = 2*s + 427. What are the prime factors of y?
2, 3
Let p(s) = 0 + s**3 - 8*s + 9*s**2 + 0 + 4*s + 3. What are the prime factors of p(-7)?
3, 43
Suppose 4*x - 77 + 1 = 0. Suppose -2881 = x*k - 7308. What are the prime factors of k?
233
Suppose 2*h - 1 = 4*d - 13, -h - 4*d = -24. Suppose 4 + 12 = h*b. Suppose b*m = -m + 10. List the prime factors of m.
2
Let f(w) be the second derivative of w**4/2 - w**2/2 + w. Let u be f(1). Suppose r - 4*r - 4*d = -80, r - u*d = 14. What are the prime factors of r?
2, 3
Let h(c) = 17*c**3 + 3*c**2 + 4*c - 1. Let g(n) = -n**2 - n - 1. Let y(t) = 3*g(t) + h(t). What are the prime factors of y(2)?
2, 67
Suppose -8 = 2*u - 4, 2802 = 2*a - u. What are the prime factors of a?
2, 5, 7
Suppose -6*a - 5*y + 3 = -2*a, -4*a + y = -9. Let h(i) = 20*i + 7. What are the prime factors of h(a)?
47
What are the prime factors of (-6 - 222/(-15))*11*10?
2, 11
Let d(a) = a**3 - 10*a**2 - 11*a + 2. Let i be d(11). Suppose 0 = -5*c + i*f + 277, -2*c + 0*f = 5*f - 134. What are the prime factors of c?
3, 19
Let o be 586/5 + 1 - 7/35. Let l = -18 + o. List the prime factors of l.
2, 5
Suppose -676 = -3*g - 3*w + 2642, 4